inder when 109 is divided by 22.
21
Calculate the remainder when 225 is divided by 9.
0
What is the remainder when 39 is divided by 22?
17
What is the remainder when 195 is divided by 22?
19
What is the remainder when 128 is divided by 27?
20
What is the remainder when 1714 is divided by 66?
64
Calculate the remainder when 727 is divided by 102.
13
Calculate the remainder when 339 is divided by 43.
38
Calculate the remainder when 50 is divided by 15.
5
Calculate the remainder when 237 is divided by 8.
5
Calculate the remainder when 1118 is divided by 32.
30
Calculate the remainder when 4519 is divided by 17.
14
What is the remainder when 475 is divided by 69?
61
Calculate the remainder when 2051 is divided by 1017.
17
Calculate the remainder when 324 is divided by 169.
155
Calculate the remainder when 108 is divided by 63.
45
Calculate the remainder when 490 is divided by 174.
142
Calculate the remainder when 1169 is divided by 387.
8
Calculate the remainder when 10599 is divided by 106.
105
Calculate the remainder when 88 is divided by 5.
3
Calculate the remainder when 70 is divided by 38.
32
What is the remainder when 604 is divided by 150?
4
Calculate the remainder when 2575 is divided by 28.
27
Calculate the remainder when 614 is divided by 197.
23
Calculate the remainder when 20192 is divided by 187.
183
Calculate the remainder when 294 is divided by 74.
72
Calculate the remainder when 78 is divided by 7.
1
What is the remainder when 888 is divided by 33?
30
What is the remainder when 2798 is divided by 155?
8
Calculate the remainder when 2419 is divided by 806.
1
Calculate the remainder when 152 is divided by 19.
0
What is the remainder when 11 is divided by 4?
3
Calculate the remainder when 3858 is divided by 5.
3
What is the remainder when 10186 is divided by 237?
232
What is the remainder when 292 is divided by 281?
11
Calculate the remainder when 195 is divided by 169.
26
What is the remainder when 287 is divided by 43?
29
What is the remainder when 207 is divided by 54?
45
What is the remainder when 81 is divided by 5?
1
Calculate the remainder when 324 is divided by 64.
4
What is the remainder when 63 is divided by 23?
17
What is the remainder when 208 is divided by 40?
8
Calculate the remainder when 3691 is divided by 36.
19
What is the remainder when 315 is divided by 102?
9
Calculate the remainder when 1222 is divided by 49.
46
Calculate the remainder when 234 is divided by 23.
4
What is the remainder when 567 is divided by 39?
21
Calculate the remainder when 401 is divided by 24.
17
Calculate the remainder when 360 is divided by 52.
48
What is the remainder when 1147 is divided by 115?
112
Calculate the remainder when 13851 is divided by 17.
13
What is the remainder when 636 is divided by 49?
48
Calculate the remainder when 1467 is divided by 21.
18
Calculate the remainder when 575 is divided by 82.
1
Calculate the remainder when 182 is divided by 67.
48
What is the remainder when 314 is divided by 166?
148
What is the remainder when 223 is divided by 7?
6
Calculate the remainder when 124 is divided by 70.
54
Calculate the remainder when 229 is divided by 30.
19
What is the remainder when 842 is divided by 118?
16
Calculate the remainder when 717 is divided by 15.
12
Calculate the remainder when 812 is divided by 68.
64
Calculate the remainder when 2667 is divided by 141.
129
What is the remainder when 273 is divided by 69?
66
Calculate the remainder when 886 is divided by 217.
18
Calculate the remainder when 183 is divided by 17.
13
Calculate the remainder when 739 is divided by 62.
57
Calculate the remainder when 225 is divided by 77.
71
What is the remainder when 816 is divided by 82?
78
Calculate the remainder when 135 is divided by 95.
40
What is the remainder when 62 is divided by 17?
11
Calculate the remainder when 341 is divided by 24.
5
What is the remainder when 607 is divided by 220?
167
Calculate the remainder when 35 is divided by 12.
11
What is the remainder when 1444 is divided by 716?
12
Calculate the remainder when 839 is divided by 64.
7
Calculate the remainder when 1467 is divided by 4.
3
What is the remainder when 68 is divided by 14?
12
What is the remainder when 100 is divided by 38?
24
What is the remainder when 268 is divided by 70?
58
What is the remainder when 1664 is divided by 18?
8
Calculate the remainder when 432 is divided by 15.
12
What is the remainder when 668 is divided by 96?
92
Calculate the remainder when 558 is divided by 71.
61
What is the remainder when 8974 is divided by 48?
46
Calculate the remainder when 66 is divided by 17.
15
Calculate the remainder when 611 is divided by 164.
119
What is the remainder when 244 is divided by 123?
121
What is the remainder when 852 is divided by 107?
103
What is the remainder when 56 is divided by 16?
8
What is the remainder when 309 is divided by 26?
23
What is the remainder when 18642 is divided by 165?
162
Calculate the remainder when 57 is divided by 30.
27
Calculate the remainder when 149 is divided by 49.
2
What is the remainder when 1122 is divided by 142?
128
What is the remainder when 280 is divided by 22?
16
What is the remainder when 2824 is divided by 101?
97
Calculate the remainder when 656 is divided by 73.
72
What is the remainder when 3125 is divided by 21?
17
Calculate the remainder when 19 is divided by 12.
7
What is the remainder when 69 is divided by 12?
9
Calculate the remainder when 7227 is divided by 139.
138
What is the remainder when 3211 is divided by 63?
61
Calculate the remainder when 526 is divided by 259.
8
What is the remainder when 971 is divided by 25?
21
What is the remainder when 375 is divided by 171?
33
Calculate the remainder when 1894 is divided by 273.
256
What is the remainder when 753 is divided by 48?
33
Calculate the remainder when 100 is divided by 17.
15
What is the remainder when 5482 is divided by 684?
10
Calculate the remainder when 237 is divided by 8.
5
What is the remainder when 138 is divided by 30?
18
Calculate the remainder when 2317 is divided by 145.
142
What is the remainder when 12598 is divided by 50?
48
What is the remainder when 461 is divided by 117?
110
What is the remainder when 851 is divided by 60?
11
Calculate the remainder when 4053 is divided by 26.
23
What is the remainder when 383 is divided by 81?
59
Calculate the remainder when 736 is divided by 7.
1
What is the remainder when 70122 is divided by 188?
186
Calculate the remainder when 1301 is divided by 6.
5
What is the remainder when 128 is divided by 27?
20
Calculate the remainder when 170 is divided by 164.
6
What is the remainder when 35 is divided by 2?
1
Calculate the remainder when 35 is divided by 18.
17
Calculate the remainder when 289 is divided by 109.
71
What is the remainder when 166 is divided by 4?
2
What is the remainder when 2095 is divided by 233?
231
What is the remainder when 360 is divided by 78?
48
What is the remainder when 607 is divided by 29?
27
Calculate the remainder when 519 is divided by 87.
84
Calculate the remainder when 154 is divided by 139.
15
Calculate the remainder when 52 is divided by 44.
8
What is the remainder when 1818 is divided by 91?
89
What is the remainder when 82 is divided by 39?
4
Calculate the remainder when 271 is divided by 68.
67
What is the remainder when 409 is divided by 394?
15
Calculate the remainder when 522 is divided by 35.
32
What is the remainder when 142 is divided by 9?
7
Calculate the remainder when 154 is divided by 52.
50
What is the remainder when 1659 is divided by 551?
6
Calculate the remainder when 740 is divided by 97.
61
What is the remainder when 282 is divided by 5?
2
Calculate the remainder when 2519 is divided by 623.
27
Calculate the remainder when 404 is divided by 33.
8
Calculate the remainder when 297 is divided by 20.
17
Calculate the remainder when 123 is divided by 14.
11
Calculate the remainder when 321 is divided by 9.
6
What is the remainder when 141 is divided by 31?
17
Calculate the remainder when 229 is divided by 13.
8
What is the remainder when 1317 is divided by 165?
162
What is the remainder when 158 is divided by 152?
6
What is the remainder when 1252 is divided by 579?
94
Calculate the remainder when 340 is divided by 43.
39
Wh